0)?
7
Let y be 0/(-2) + 4/2. Let u(z) = -y*z + 3 + 3*z + 0*z + 0*z. Suppose -7*w - 12 = -3*w. Determine u(w).
0
Let t(c) = c - 15. Let l = -28 - -39. Calculate t(l).
-4
Let v = 4 - 2. Let n be v/((-3)/2 + 2). Let m(b) = b**3 - 3*b**2 + 3*b - 5. Let a(q) = -q**3 + 3*q**2 - 4*q + 6. Let f(w) = 6*a(w) + 7*m(w). What is f(n)?
5
Let h(r) be the first derivative of -3*r**2/2 + 3*r - 10. Calculate h(3).
-6
Suppose 0 = -3*z + 4*d - 3*d - 16, -5*z - 27 = -2*d. Let x(c) = c + 19. Let n(t) = -2. Let f(y) = 5*n(y) + x(y). Give f(z).
4
Let x(a) be the second derivative of 2*a + 1/20*a**5 + 1/3*a**4 - 1/2*a**3 + 7/2*a**2 + 0. Determine x(-5).
-3
Let u(m) be the third derivative of m**4/24 + m**3/2 - 4*m**2. What is u(-4)?
-1
Let x(p) = -2 - 278*p + 138*p + 141*p. Give x(5).
3
Let i = 5 + 1. Let l(k) = k - 7. Let j be l(i). Let w(u) = 40 - 77 - 4*u + 38. What is w(j)?
5
Suppose 12 = -4*c - m, -28 = c + 4*c - 2*m. Let n(b) = 2*b - 2. Calculate n(c).
-10
Let u be (-1)/((-2)/(-2))*6. Let w be 20/u*(6 - 9). Let k be w/4*2/(-1). Let o(r) = r + 3. What is o(k)?
-2
Suppose 4*t - 9*t - 25 = 0. Suppose 0 = -6*o + o + 65. Let m(y) = -6*y - o + 13 - 2*y**2 + y**2. Determine m(t).
5
Let v(o) be the second derivative of -2*o - 3/2*o**2 + 0 - 1/12*o**4 + 1/6*o**3. What is v(0)?
-3
Let c(u) = u**2 + u - 2. Suppose m = -0 + 2. Suppose -4*x + 2*l - 16 = 0, 0 = m*x - 6*x - 3*l + 4. What is c(x)?
0
Let p be (2 - 6)*(-1)/4. Let o(m) = 2*m**2 - 3*m + 7*m - m**2 + p. Give o(-4).
1
Let d be (-4 + -1)*(-3 - -2). Let z(c) = 10*c**2 + 2*c - 3. Let y(u) = 21*u**2 + 4*u - 7. Let f(a) = d*z(a) - 2*y(a). Give f(1).
9
Let z(y) be the second derivative of y**3 - 3*y**2 - 5*y. Let l(s) = -5*s + 5. Let g(i) = -5*l(i) - 4*z(i). Calculate g(-4).
-5
Suppose -3*i - 8 = 2*n, n - 3 - 2 = 0. Let k be -3 + 4 + (i - 0). Let d(l) = l**3 + 6*l**2 + 5*l + 2. What is d(k)?
2
Let i = -6 + 10. Let o(x) = x**2 - x - 5*x + 3 + 0*x + 1. Calculate o(i).
-4
Let t(u) = -u - 7. Let o be (-2 + 1)*(9 - 2). Determine t(o).
0
Let b(u) = -2*u - 8. Let w = -48 - -42. Calculate b(w).
4
Let q = -5 - -14. Let o(k) = -3 + 1 - k + q. What is o(6)?
1
Let c(u) be the second derivative of -u**5/20 - u**3/6 + 7*u**2/2 - 36*u. Give c(0).
7
Let l(d) = -d**2 + 6*d - 3. Let m = -2 + 8. Give l(m).
-3
Suppose 0 = 2*r + 2*j - 20, -3*r + 32 = 4*j - 2*j. Suppose -3*k + 6*k = r. Let p(o) = -o + 5. Calculate p(k).
1
Let t(y) = -y**2 - 6*y - 5. Let b = -152 - -148. Calculate t(b).
3
Let w(i) = i**3 + i**2 + i + 1. Let b be w(-1). Suppose 14 + 1 = 5*j. Let g(n) = -n**2 + 0 + 3*n**3 + 2 + 1 - 4*n**j. Calculate g(b).
3
Let k(s) = s**2 + 2*s - 4. Suppose 2 = c - 0. Suppose -3*g = c*g - 20. Suppose -5*j - 36 = g*q, -2*q + 5 - 17 = j. Determine k(j).
4
Let h(v) = v**3 + 7*v**2 + 4*v - 8. Suppose 0*n = -2*n - 12. Calculate h(n).
4
Let n(c) = 3*c**2 + 4*c + 1. Let k(m) = m**3 + 6*m**2 - 8*m - 9. Let v be k(-7). Let b(s) = -16*s**2 - 20*s - 5. Let z(t) = v*b(t) - 11*n(t). Calculate z(-4).
-1
Let l(c) = -c**3 - c**2 + 4. Suppose -5*b + 6 + 9 = 0. Let d be 2/(-6) - (-1)/b. Calculate l(d).
4
Let h be 1/(-5) + (-7)/(-35). Let p(c) = c**2 + 2*c + 3. Let r be p(-2). Let o(b) = -9 - b**r + 0*b + b + 0*b**3. Calculate o(h).
-9
Let k(j) = 5*j**3 - 9*j**2 - 13. Let s(z) = -2*z**3 + 5*z**2 + 7. Let f(v) = -6*k(v) - 11*s(v). What is f(1)?
-8
Let y(c) be the first derivative of c**2/2 - 7*c - 9. What is y(-5)?
-12
Let a(b) be the third derivative of 1/2*b**3 + 0*b + 0 - 3*b**2 - 1/8*b**4 + 1/120*b**6 + 1/30*b**5. Determine a(-3).
3
Let j(u) = u - 1. Let b = 109 + -101. Determine j(b).
7
Let s(y) = -5*y**2 - y. Suppose 0*q = 4*q - 2*p - 8, 10 = 5*p. Suppose q = -2*v + 1. Determine s(v).
-4
Let b(u) = -5*u - 4. Let f = 38 - 41. Give b(f).
11
Let a(s) be the third derivative of -s**4/24 + s**3/6 + 16*s**2. What is a(4)?
-3
Let r(u) be the second derivative of -u**3/3 - u**2 - 18*u. What is r(-6)?
10
Let j(l) = -3*l + 3. Suppose 5*y - 3*i - 45 = 0, 2*y = -3*y - i + 25. Let m = -2 + y. Suppose -5*d + 25 = 5*t, d + 15 = m*t - 0*t. Give j(t).
-9
Let d be (3/(-6))/((-1)/(-36)). Let j be (4/6)/((-3)/d). Let h(i) be the second derivative of -i**5/20 + 5*i**4/12 - 5*i**3/6 - i**2 + i. What is h(j)?
-6
Let g(b) = -3*b**2 + 3*b**2 + 4*b**2 + 3 - 5*b**2 + 5*b. Let w = -24 + 16. Let h be 0 - (w - (-1 - 1)). Calculate g(h).
-3
Suppose 0 = 2*l + 3 - 23. Suppose 19 = 3*f - 11. Suppose f = -t - 2*k, 2*k + l = -2*t - t. Let a(j) = -j**3 + j**2 + j - 4. What is a(t)?
-4
Let y(t) = -t - 1. Let p(b) be the second derivative of -9/2*b**2 + 1/6*b**3 + 4*b + 0. Let u be p(8). Calculate y(u).
0
Let a(b) be the second derivative of 1/10*b**5 + 1/2*b**2 - b + 1/12*b**4 + 0 - 1/6*b**3. Suppose 1 = 2*j - j. Give a(j).
3
Let a be 12/8*(-4)/(-2). Let d be (-4)/(-12) - (-2)/a. Let k(z) = 1 + d + 0*z**2 + z**3 - 2*z - 2*z**2. Calculate k(2).
-2
Let s(m) = -3*m**2 - 9*m - 12. Let r be s(-2). Let o(b) = -b**2 - 5*b + 3. Give o(r).
-3
Let d(h) = -2*h - 4. Suppose -3*q + u + 12 = 0, q + u = 4*u + 12. Suppose 3 + q = -f. Determine d(f).
8
Let u(g) = -g**3 - 5*g**2 - 3*g + 4. Suppose 0 = r + r - 10. Let s(q) = 15 - 14 - 3*q + 2*q. Let d be s(r). What is u(d)?
0
Let g(m) = m**3 + m**2 - m - 3. Let t = -7 - -9. Let p(k) = -k**3 - k**2 + 2*k + 3. Let u(r) = t*p(r) + 3*g(r). What is u(0)?
-3
Let q(u) = -u**2 - 8*u + 13. Let z be q(-9). Let k(x) = -z + x - 6*x + 7*x. Determine k(5).
6
Let l(v) = -5*v**3 - 7*v**2 + v - 3. Let y(a) = -4*a**3 - 6*a**2 + a - 3. Let w(b) = -5*l(b) + 6*y(b). Suppose -5*n + 0*n = 0. Determine w(n).
-3
Let k(w) = 3 - 2*w - 4 - 2*w**2 + 6*w**2 - w**3. Let i = -1 + 3. Determine k(i).
3
Let j(t) be the first derivative of -t**4/4 + 2*t**3 - 7*t**2/2 + 6*t + 4. What is j(5)?
-4
Let m(h) = -h**3 + 7*h**2 - 5*h + 8. Suppose 2*c - 15 = -3*c, 0 = q - c - 5. Let w = q - 2. Give m(w).
14
Let o(k) = 2*k - k**2 - 8 + 2 + 3*k. Let s be (-13)/2 - 2/4. Let w = -2 - s. Calculate o(w).
-6
Let p(u) = 2*u + 4. Let r(b) = b**2 + 8*b + 7. Suppose 2*g - 11 = 3*x + 1, 5*x = 4*g - 18. Let v be r(x). Determine p(v).
-6
Let j(x) = -x**3 - x**2 + x + 1. Let p be j(-2). Let o = p - 1. Let t(y) = -y**2 + 0*y**3 + 3*y**2 - 3*y + y**3. Give t(o).
10
Let h(q) = -q**2 + 9*q + 5. Let k be h(9). Let j(m) = -m**3 + 5*m**2 - m - 5. What is j(k)?
-10
Let l(v) = v**3 - v + 3. Suppose -17 = -c - 3*f - f, f - 5 = 0. Calculate l(c).
-21
Let x(r) = -r**2 - 7*r - 6. Let q be (2/(-3))/((-4)/(-42)). Let s be -2 - q/((-7)/2). What is x(s)?
6
Let b = -10 + 21. Let g(y) = -b*y**2 + 0 - 1 - 2*y + 0 - y**2. Suppose 0*w - 4*m - 17 = -3*w, -2*m - 5 = -5*w. Calculate g(w).
-11
Let w(o) = 5*o - 1. Suppose -3*b = 12, -3*m + 6 = b + 31. Let a be (0 - 1)*2 - m. Suppose -2 = -a*v - 7. Determine w(v).
-6
Let q(j) be the third derivative of j**6/360 - j**5/30 - j**4/4 + j**3/3 + 6*j**2. Let h(c) be the first derivative of q(c). Give h(6).
6
Let h(g) = 4*g**3 - 1 - 2*g**3 - 10*g - 9*g**2 - g**3 + 2. Let b be h(10). Let v(q) = -5*q**3 + q**2 - 1. Give v(b).
-5
Let q(v) = -v**2 + 5*v + 7. Let k = 61 + -54. Calculate q(k).
-7
Suppose u = -2*u - 5*z + 6, 0 = -4*u + 4*z + 8. Let a(t) = -2*t**u + 3 + 6*t - 6 + 3. What is a(4)?
-8
Let g(x) = x - 12. Let a be g(11). Let d be a/2*4*1. Let n(k) = -4*k - 1. What is n(d)?
7
Let f(n) = -2*n - 1. Let i = 11 - 6. Let u be 2/(6 + -3 - i). Give f(u).
1
Let z(j) = -j**3 - 5*j**2 - 2*j - 6. Suppose -13 = -4*u + 15. Let a = -12 + u. Calculate z(a).
4
Suppose -4*z = -2*v + 10, -v + 14 = -2*z + 3*v. Let t be -2 + -1 + (-3)/z. Let l = t + 1. Let x(d) = -d**3 + 2*d**2 - 2*d + 1. What is x(l)?
0
Let y = 0 + 0. Let l(o) be the second derivative of -o**5/120 - o**4/8 - o**3/3 - o. Let z(x) be the second derivative of l(x). Determine z(y).
-3
Let r(o) = o + 4. Let c be (6/4 - 0)*-10. Let s = c - -5. Let g be s/(-6)*(-3 + 6). Determine r(g).
9
Let c be (4/2)/((-8)/28). Let x(f) = -f - 7. Let l be x(c). Let s(u) = 2*u - 2 - 3*u + l*u. What is s(-2)?
0
Let v(h) be the second derivative of -h**4/12 + h**3/3 + h**2/2 - 13*h. Determine v(4).
-7
Let s(x) = -25*x - 9. Suppose 0 = -0*o - 2*o - 102. Let f(m) = 3*m + 1. Let d(r) = o*f(r) - 6*s(r). Give d(2).
-3
Suppose 26*u - 22*u + 16 = 0. Let b(r) = r**3 + 3*r**2 - 5*r + 1. Determine b(u).
5
Let v(m) = 3*m - 2. Let i(c) = -c. Let h(a) = a**3 - 9*a**2 - 1. Let n be h(9). Le